, 193
List the prime factors of 9716.
2, 7, 347
List the prime factors of 1024.
2
What are the prime factors of 924?
2, 3, 7, 11
List the prime factors of 13187.
13187
List the prime factors of 1077.
3, 359
What are the prime factors of 6841?
6841
List the prime factors of 25123.
7, 37, 97
What are the prime factors of 171818?
2, 85909
List the prime factors of 47169.
3, 1747
What are the prime factors of 82943?
7, 17, 41
List the prime factors of 20308.
2, 5077
List the prime factors of 2256.
2, 3, 47
List the prime factors of 2552.
2, 11, 29
List the prime factors of 257.
257
What are the prime factors of 29332?
2, 7333
List the prime factors of 5326.
2, 2663
What are the prime factors of 44788?
2, 11197
What are the prime factors of 107728?
2, 6733
What are the prime factors of 76373?
11, 53, 131
What are the prime factors of 1219?
23, 53
List the prime factors of 64100.
2, 5, 641
What are the prime factors of 5917?
61, 97
List the prime factors of 5930.
2, 5, 593
List the prime factors of 29980.
2, 5, 1499
What are the prime factors of 6614?
2, 3307
What are the prime factors of 14254?
2, 7127
What are the prime factors of 4724?
2, 1181
What are the prime factors of 20199?
3, 6733
What are the prime factors of 5031?
3, 13, 43
List the prime factors of 2139.
3, 23, 31
List the prime factors of 6343.
6343
What are the prime factors of 6954?
2, 3, 19, 61
What are the prime factors of 9266?
2, 41, 113
What are the prime factors of 349?
349
List the prime factors of 18997.
11, 157
What are the prime factors of 6444?
2, 3, 179
What are the prime factors of 801?
3, 89
What are the prime factors of 152220?
2, 3, 5, 43, 59
What are the prime factors of 5342?
2, 2671
What are the prime factors of 860?
2, 5, 43
What are the prime factors of 1174?
2, 587
What are the prime factors of 3154?
2, 19, 83
List the prime factors of 4682.
2, 2341
List the prime factors of 3359.
3359
List the prime factors of 17696.
2, 7, 79
List the prime factors of 2126.
2, 1063
List the prime factors of 2376.
2, 3, 11
What are the prime factors of 134128?
2, 83, 101
What are the prime factors of 1909?
23, 83
What are the prime factors of 11626?
2, 5813
What are the prime factors of 134866?
2, 67433
What are the prime factors of 960?
2, 3, 5
List the prime factors of 12871.
61, 211
List the prime factors of 324.
2, 3
What are the prime factors of 16638?
2, 3, 47, 59
What are the prime factors of 15364?
2, 23, 167
What are the prime factors of 93641?
29, 3229
List the prime factors of 557.
557
List the prime factors of 5029.
47, 107
List the prime factors of 330.
2, 3, 5, 11
List the prime factors of 43.
43
What are the prime factors of 68780?
2, 5, 19, 181
What are the prime factors of 57406?
2, 28703
List the prime factors of 2836.
2, 709
List the prime factors of 3602.
2, 1801
List the prime factors of 1846.
2, 13, 71
List the prime factors of 35266.
2, 7, 11, 229
List the prime factors of 2742.
2, 3, 457
What are the prime factors of 160893?
3, 59, 101
What are the prime factors of 4163?
23, 181
What are the prime factors of 927?
3, 103
List the prime factors of 46697.
7, 953
What are the prime factors of 1182?
2, 3, 197
What are the prime factors of 6452?
2, 1613
What are the prime factors of 2081?
2081
List the prime factors of 12080.
2, 5, 151
What are the prime factors of 73475?
5, 2939
What are the prime factors of 7509?
3, 2503
What are the prime factors of 272?
2, 17
What are the prime factors of 26180?
2, 5, 7, 11, 17
What are the prime factors of 77945?
5, 7, 17, 131
What are the prime factors of 3781?
19, 199
What are the prime factors of 25019?
127, 197
What are the prime factors of 785?
5, 157
What are the prime factors of 3823?
3823
What are the prime factors of 5536?
2, 173
What are the prime factors of 9291?
3, 19, 163
List the prime factors of 9730.
2, 5, 7, 139
List the prime factors of 39519.
3, 4391
List the prime factors of 1138.
2, 569
List the prime factors of 19249.
19249
List the prime factors of 600.
2, 3, 5
List the prime factors of 13184.
2, 103
List the prime factors of 3254.
2, 1627
What are the prime factors of 22274?
2, 7, 37, 43
List the prime factors of 798.
2, 3, 7, 19
List the prime factors of 1263.
3, 421
List the prime factors of 2263.
31, 73
List the prime factors of 7527.
3, 13, 193
List the prime factors of 4491.
3, 499
List the prime factors of 35907.
3, 11969
What are the prime factors of 35848?
2, 4481
List the prime factors of 9408.
2, 3, 7
List the prime factors of 46095.
3, 5, 7, 439
List the prime factors of 14780.
2, 5, 739
List the prime factors of 21792.
2, 3, 227
List the prime factors of 51784.
2, 6473
What are the prime factors of 18051?
3, 11, 547
List the prime factors of 1310.
2, 5, 131
What are the prime factors of 73741?
37, 1993
What are the prime factors of 68993?
68993
What are the prime factors of 1243?
11, 113
What are the prime factors of 2?
2
List the prime factors of 5195.
5, 1039
What are the prime factors of 4584?
2, 3, 191
List the prime factors of 17094.
2, 3, 7, 11, 37
List the prime factors of 36904.
2, 7, 659
What are the prime factors of 3124?
2, 11, 71
What are the prime factors of 14697?
3, 23, 71
What are the prime factors of 10411?
29, 359
What are the prime factors of 18336?
2, 3, 191
List the prime factors of 1436.
2, 359
What are the prime factors of 4181?
37, 113
What are the prime factors of 45654?
2, 3, 7, 1087
What are the prime factors of 9831?
3, 29, 113
What are the prime factors of 1351?
7, 193
What are the prime factors of 2486?
2, 11, 113
List the prime factors of 11234.
2, 41, 137
List the prime factors of 13170.
2, 3, 5, 439
What are the prime factors of 8879?
13, 683
List the prime factors of 1494.
2, 3, 83
List the prime factors of 85.
5, 17
What are the prime factors of 22187?
11, 2017
List the prime factors of 4812.
2, 3, 401
What are the prime factors of 16?
2
What are the prime factors of 2855?
5, 571
List the prime factors of 4897.
59, 83
List the prime factors of 5729.
17, 337
List the prime factors of 18803.
18803
List the prime factors of 403.
13, 31
What are the prime factors of 9211?
61, 151
List the prime factors of 22477.
7, 13, 19
What are the prime factors of 1822?
2, 911
What are the prime factors of 1046?
2, 523
List the prime factors of 106.
2, 53
What are the prime factors of 4645?
5, 929
List the prime factors of 1277.
1277
List the prime factors of 94.
2, 47
List the prime factors of 7745.
5, 1549
List the prime factors of 19068.
2, 3, 7, 227
What are the prime factors of 1301?
1301
What are the prime factors of 19858?
2, 9929
What are the prime factors of 10697?
19, 563
List the prime factors of 4342.
2, 13, 167
List the prime factors of 3416.
2, 7, 61
What are the prime factors of 87838?
2, 37, 1187
What are the prime factors of 11458?
2, 17, 337
List the prime factors of 2124.
2, 3, 59
List the prime factors of 35.
5, 7
What are the prime factors of 124564?
2, 11, 19, 149
List the prime factors of 14022.
2, 3, 19, 41
List the prime factors of 12598.
2, 6299
What are the prime factors of 6082?
2, 3041
List the prime factors of 2526.
2, 3, 421
What are the prime factors of 4812?
2, 3, 401
List the prime factors of 1720.
2, 5, 43
List the prime factors of 617.
617
List the prime factors of 600.
2, 3, 5
What are the prime factors of 22374?
2, 3, 11, 113
List the prime factors of 108348.
2, 3, 9029
What are the prime factors of 7338?
2, 3, 1223
List the prime factors of 4363.
4363
What are the prime factors of 35115?
3, 5, 2341
List the prime factors of 9658.
2, 11, 439
What are the prime factors of 9477?
3, 13
List the prime factors of 6909.
3, 7, 47
List the prime factors of 2694.
2, 3, 449
List the prime factors of 24772.
2, 11, 563
List the prime factors of 6781.
6781
List the prime factors of 8399.
37, 227
List the prime factors of 1933.
1933
List the prime factors of 17026.
2, 8513
List the prime factors of 37830.
2, 3, 5, 13, 97
List the prime factors of 59044.
2, 29, 509
What are the prime factors of 7317?
3, 271
List the prime factors of 1925.
5, 7, 11
What are the prime factors of 33361?
73, 457
What are the prime factors of 4885?
5, 977
List the prime factors of 81170.
2, 5, 8117
What are the prime factors of 46725?
3, 5, 7, 89
List the prime fa